ainder when 28791123 is divided by 105.
18
What is the remainder when 4967 is divided by 4402?
565
Calculate the remainder when 322402 is divided by 435.
67
Calculate the remainder when 69379 is divided by 3.
1
What is the remainder when 8642827 is divided by 169?
167
Calculate the remainder when 136176705 is divided by 68088347.
11
Calculate the remainder when 240546 is divided by 240539.
7
Calculate the remainder when 59227453 is divided by 140.
33
Calculate the remainder when 7372807 is divided by 97.
31
What is the remainder when 3457797 is divided by 1002?
897
Calculate the remainder when 127979868 is divided by 179747.
4
What is the remainder when 1430418 is divided by 1369?
1182
What is the remainder when 531489 is divided by 545?
114
Calculate the remainder when 32637447 is divided by 1813190.
27
What is the remainder when 134623 is divided by 831?
1
Calculate the remainder when 68893652 is divided by 143.
113
Calculate the remainder when 3703718 is divided by 12387.
5
What is the remainder when 176014 is divided by 58670?
4
What is the remainder when 5587354 is divided by 60079?
7
What is the remainder when 34159 is divided by 140?
139
Calculate the remainder when 1342456 is divided by 447381.
313
Calculate the remainder when 4387153 is divided by 398.
397
What is the remainder when 1167878 is divided by 119?
12
What is the remainder when 188753 is divided by 26960?
33
What is the remainder when 29352759 is divided by 9784250?
9
Calculate the remainder when 21698405 is divided by 3152.
37
What is the remainder when 7341154 is divided by 136?
10
What is the remainder when 2961006 is divided by 70?
6
What is the remainder when 568115 is divided by 3532?
2995
Calculate the remainder when 10296559 is divided by 132007.
13
Calculate the remainder when 4810 is divided by 1954.
902
What is the remainder when 160454237 is divided by 188?
185
What is the remainder when 1994957 is divided by 71?
70
What is the remainder when 241170 is divided by 118914?
3342
Calculate the remainder when 1466818 is divided by 770.
738
Calculate the remainder when 3820374 is divided by 892.
830
What is the remainder when 28282 is divided by 724?
46
What is the remainder when 1877950 is divided by 59?
39
Calculate the remainder when 281970 is divided by 140083.
1804
What is the remainder when 1379749 is divided by 2839?
2834
Calculate the remainder when 3585862 is divided by 466.
458
What is the remainder when 12025400 is divided by 11302?
72
Calculate the remainder when 827827 is divided by 413913.
1
Calculate the remainder when 151980 is divided by 13775.
455
Calculate the remainder when 11331611 is divided by 227.
225
Calculate the remainder when 23309002 is divided by 645.
637
What is the remainder when 15833 is divided by 431?
317
What is the remainder when 1674076 is divided by 346?
128
What is the remainder when 291738 is divided by 72934?
2
Calculate the remainder when 178425165 is divided by 6.
3
Calculate the remainder when 656356 is divided by 164006.
332
What is the remainder when 1586551 is divided by 439?
5
Calculate the remainder when 15416635 is divided by 60.
55
Calculate the remainder when 445927 is divided by 500.
427
What is the remainder when 3053423 is divided by 668?
663
What is the remainder when 3244848 is divided by 87?
9
Calculate the remainder when 710851372 is divided by 2049.
2047
What is the remainder when 573457 is divided by 19114?
37
What is the remainder when 406944 is divided by 36?
0
What is the remainder when 292589 is divided by 1400?
1389
Calculate the remainder when 12647266 is divided by 34.
14
Calculate the remainder when 80795 is divided by 16025.
670
Calculate the remainder when 585869 is divided by 546.
11
Calculate the remainder when 4620 is divided by 377.
96
What is the remainder when 574861739 is divided by 91?
88
Calculate the remainder when 316036 is divided by 6584.
4
What is the remainder when 1222495 is divided by 4413?
94
What is the remainder when 509818 is divided by 14?
8
What is the remainder when 126628 is divided by 3836?
40
What is the remainder when 4198598 is divided by 1039?
1038
What is the remainder when 1509521 is divided by 354?
65
Calculate the remainder when 12071068 is divided by 6035516.
36
What is the remainder when 129391016 is divided by 108?
104
Calculate the remainder when 318997 is divided by 55.
52
What is the remainder when 11237549 is divided by 717?
8
What is the remainder when 537012 is divided by 1133?
1103
What is the remainder when 75852 is divided by 252?
0
What is the remainder when 3600103 is divided by 518?
3
What is the remainder when 635130 is divided by 3692?
106
Calculate the remainder when 68779782 is divided by 2948.
2942
What is the remainder when 14690826 is divided by 148?
50
What is the remainder when 152294 is divided by 11704?
142
Calculate the remainder when 55236879 is divided by 434936.
7
What is the remainder when 898747 is divided by 2416?
2411
What is the remainder when 19537868 is divided by 9768931?
6
Calculate the remainder when 266292 is divided by 14749.
810
Calculate the remainder when 5434795 is divided by 62.
61
What is the remainder when 1454999 is divided by 18896?
7
Calculate the remainder when 652829359 is divided by 20.
19
What is the remainder when 9323896 is divided by 3372?
316
Calculate the remainder when 88390 is divided by 1119.
1108
Calculate the remainder when 10614491 is divided by 35.
6
Calculate the remainder when 10539407 is divided by 13777.
2
Calculate the remainder when 422628 is divided by 202.
44
Calculate the remainder when 79450 is divided by 1940.
1850
Calculate the remainder when 46096142 is divided by 15365377.
11
What is the remainder when 1327692 is divided by 124?
24
What is the remainder when 5722837 is divided by 1282?
1271
Calculate the remainder when 215172 is divided by 1202.
14
Calculate the remainder when 24334446 is divided by 14.
10
Calculate the remainder when 8954947 is divided by 22.
1
What is the remainder when 299016140 is divided by 106?
104
What is the remainder when 2006873 is divided by 12017?
34
Calculate the remainder when 1900538 is divided by 1024.
1018
What is the remainder when 14797090 is divided by 518?
420
Calculate the remainder when 1497139 is divided by 45.
34
What is the remainder when 2669191 is divided by 33787?
18
What is the remainder when 14905884 is divided by 22?
4
What is the remainder when 550612 is divided by 66?
40
Calculate the remainder when 924948777 is divided by 140.
137
Calculate the remainder when 36934942 is divided by 153.
130
Calculate the remainder when 397914 is divided by 431.
101
What is the remainder when 12156534 is divided by 487?
40
Calculate the remainder when 7322884 is divided by 54.
52
What is the remainder when 63236137 is divided by 5846?
5801
What is the remainder when 2460181 is divided by 175726?
17
What is the remainder when 3056313 is divided by 564?
561
What is the remainder when 379170 is divided by 34469?
11
What is the remainder when 37539922 is divided by 252?
238
Calculate the remainder when 49119 is divided by 16325.
144
Calculate the remainder when 12592925 is divided by 313.
309
Calculate the remainder when 136942 is divided by 44140.
4522
Calculate the remainder when 5592528 is divided by 249.
237
Calculate the remainder when 314295 is divided by 708.
651
Calculate the remainder when 12062226 is divided by 1764.
1758
What is the remainder when 6792696 is divided by 194077?
1
What is the remainder when 4084755 is divided by 816951?
0
What is the remainder when 2385433 is divided by 2122?
305
What is the remainder when 112369 is divided by 525?
19
What is the remainder when 4760011 is divided by 1087?
38
Calculate the remainder when 852611208 is divided by 10.
8
Calculate the remainder when 15424459 is divided by 610.
609
What is the remainder when 19970564 is divided by 121?
119
What is the remainder when 74388 is divided by 14868?
48
What is the remainder when 560150798 is divided by 2067?
2066
Calculate the remainder when 1682285 is divided by 240294.
227
What is the remainder when 14652 is divided by 439?
165
What is the remainder when 310834 is divided by 1954?
148
Calculate the remainder when 307951 is divided by 304.
303
Calculat